s = 10 - 14. Let i = s + 13. Calculate the highest common divisor of i and 99.
9
Let g be (-4)/(-26) + 720/52. What is the highest common divisor of 42 and g?
14
Let w = 92 + -81. Let z = w + 141. What is the highest common factor of z and 8?
8
Suppose -3*d + 150 - 3 = 0. Let n = d + -27. Let s be (-4)/(-18) - (-32)/18. What is the highest common divisor of n and s?
2
Let i = 99 - -9. What is the greatest common divisor of 81 and i?
27
Suppose -15 = 3*w - 78. Let t be (-14)/w + (-10)/(-6). Let n be (-5)/(-4) + (-2)/8. Calculate the greatest common divisor of n and t.
1
Let m(r) = -7*r + 319. Let p be m(44). Let f be (-2)/(-13) - 2856/(-26). What is the highest common divisor of f and p?
11
Let t = -358 + 469. Calculate the highest common factor of 259 and t.
37
Let x(d) = d**2 + 11*d - 5. Let n be x(4). Let p be (-4)/(1 - n/45). Calculate the greatest common factor of p and 18.
18
Let x = 1255 + -709. What is the highest common factor of 78 and x?
78
Let u = 399 - 369. Calculate the greatest common divisor of u and 70.
10
Let v = 17 - 12. Suppose -35 = -v*p + 15. Let r(s) = -5*s + 35. Let b be r(4). What is the greatest common factor of p and b?
5
Suppose 0*r = -2*r - 2*p - 12, 3*p = r - 14. Let n(i) = -21*i - 3. Let v be n(r). Suppose 0 = -2*z + 3*z - v. What is the highest common factor of 27 and z?
9
Suppose 7*g = 16 + 19. Suppose -4*p = -3*f + 1 + 19, -5*p - 35 = -g*f. What is the greatest common divisor of 72 and f?
8
Let f = 123 + 12. Calculate the highest common factor of 180 and f.
45
Let u = -16 + 58. Let j be 4/u + (-12267)/(-189). Calculate the highest common factor of 39 and j.
13
Suppose 0 = -l + 3, 0 = 6*h - 5*h - 4*l + 11. Let o be h/4 - (6810/(-8))/15. Calculate the highest common divisor of 57 and o.
57
Suppose -6*c - 96 = -2*c. Let q be c/60 + 72/5. Let u(p) = -p**2 + 13*p + 15. Let j be u(q). What is the greatest common factor of j and 11?
1
Let y(b) = -1 + 0*b + 0*b - b. Let u be y(-6). Let p(s) = -2*s**2 + 56*s - 29. Let k be p(27). What is the highest common factor of u and k?
5
Let m = 63 - 7. Let l(s) = -3*s**3 - 4*s**2 - 4*s - 2. Suppose b + 2 = -3*c, 4*c = 3*c. Let h be l(b). Calculate the greatest common factor of h and m.
14
Suppose -4*g - 5*i - 119 + 624 = 0, 375 = 3*g + 5*i. What is the highest common divisor of g and 45?
5
Let b(l) = -l**3 - l**2 - 6*l - 4. Let r be b(-2). Let o be (35*3/r)/((-12)/(-96)). What is the greatest common factor of o and 10?
10
Let n(p) = p**3 - 7*p**2 + 6*p + 39. Let i be n(10). What is the greatest common factor of i and 21?
21
Let b be (-9)/((-342)/345 + 1). Let m = b - -709. Let j = 551 + m. What is the highest common divisor of 25 and j?
25
Let s be (-62)/(2/(6/(-3))). Let y be (-617 - 0)/(4/(-20)). Let k be y/20 - 6/(-8). Calculate the greatest common divisor of s and k.
31
Let c = -954 + 959. Calculate the highest common divisor of c and 11.
1
Let z be ((-20)/90)/(100/(-45) + 2). Let n(l) = -l + 1. Let o be n(-3). Calculate the greatest common divisor of o and z.
1
Let t = -45 - -49. Suppose t*i - 555 = -i + 5*v, -449 = -4*i - v. What is the highest common divisor of i and 16?
16
Suppose -l - 2*q + 18 = 2*q, -5*l + 106 = 4*q. Let w be (32/40)/((-1)/(-20)). Let p = w - 14. What is the highest common divisor of l and p?
2
Let h(u) = 2*u - 94 + 105 - 4*u. Let f be h(-5). What is the greatest common factor of f and 6?
3
Let b = 83 - 55. Suppose -a + 77 = 5*o, 3*a - 218 - 46 = -4*o. Suppose -a = -5*l + v, -3*l = -2*l - 5*v - b. Calculate the greatest common divisor of l and 2.
2
Let i be 4/8 + 3/2. Let p be (-77*3)/(i - 3). Calculate the greatest common factor of 21 and p.
21
Suppose -4*l = -2*t + 10, -4 = -2*t + 5*l + 8. Suppose -d - t = 17. Let w be (-152)/(-36) - (-4)/d. Calculate the greatest common factor of w and 28.
4
Suppose 1361 = 3*d - 223. What is the highest common factor of 11 and d?
11
Let g(y) = 12 - 89*y - 2 - 12. Let q be g(-2). What is the greatest common factor of 22 and q?
22
Let h be (-12)/8*2 - -3. Suppose -4*j = -h*u - 2*u - 58, 5*j = u + 74. Calculate the greatest common factor of 105 and j.
15
Suppose -4520 = 9*i - 19*i. Calculate the highest common factor of i and 339.
113
Let o(v) = 3*v + 14. Let b be o(-3). Suppose -b = h - 100. What is the greatest common factor of h and 19?
19
Suppose 36*u - 122 = 1030. Calculate the highest common factor of u and 44.
4
Let g(u) = 4*u**2 + 43*u + 64. Let n be g(-15). Calculate the greatest common divisor of n and 58.
29
Suppose -8*b = -10*b + 100. Let u = 74 - b. Calculate the greatest common divisor of u and 12.
12
Suppose 0 = y - 3*x - 303, 8*x - 6*x = -4*y + 1254. Calculate the greatest common factor of 120 and y.
24
Suppose 5*l - 9 = -4*q + 15, -3*q - 13 = -4*l. Let r be (-2)/(((-24)/15)/4). What is the greatest common factor of q and r?
1
Suppose -z = j - 29, -2*j - 2*z = 3*z - 55. Let t = 19 - 16. Suppose -100 - t = -5*x - o, x - 23 = -o. What is the highest common factor of j and x?
10
Suppose -53*k + 52*k + 100 = 0. Calculate the highest common divisor of k and 500.
100
Suppose 3*o + 333 = 6*o + 4*r, -451 = -4*o - 3*r. Let d = o - 24. Calculate the greatest common divisor of d and 13.
13
Suppose 316 = 6*a + 82. Calculate the greatest common divisor of 65 and a.
13
Suppose 2*p - 8*r - 461 = -7*r, -2*p - 2*r + 458 = 0. What is the greatest common factor of 10 and p?
10
Suppose 6*g + 12*q + 129 = 9*g, 150 = 3*g - 5*q. Calculate the highest common factor of 45 and g.
5
Let r(l) = -7*l + 22. Let f be r(0). What is the highest common divisor of 77 and f?
11
Suppose 3*n - y = 153, 0 = -8*n + 3*n - 5*y + 255. Calculate the highest common factor of 408 and n.
51
Let k = -6 - -42. Let w = k - 36. Suppose -5*u + 0*u + 20 = w. What is the greatest common factor of 36 and u?
4
Let m = 210 - 206. Calculate the highest common factor of m and 4.
4
Suppose 5*d + 572 = 4*o + 217, -5*d + 25 = 0. Let c = -29 + 48. Suppose 0*s = -s + c. What is the highest common factor of o and s?
19
Let j(f) = f**3 + 5*f**2 + 3*f + 9. Let n(r) = r**3 + 1. Let x(p) = j(p) - 5*n(p). Let m be x(-3). What is the greatest common divisor of 37 and m?
37
Let q be (17 + -18)/(88/30 + -3). What is the greatest common divisor of 1605 and q?
15
Let p be (-3)/9 - (-50)/6. Calculate the greatest common factor of 12 and p.
4
Let b(t) = -t + 24. Let j be b(-10). Let l = 44 - j. Calculate the greatest common factor of 4 and l.
2
Suppose -r + 805 = -4*y, y + 2247 = 3*r - 223. Calculate the highest common factor of r and 11.
11
Let z be (-724)/(-3) + 171/(-27) + 7. Calculate the greatest common divisor of 4 and z.
2
Let t(q) = -3*q. Let c be t(-2). Let z(y) = -5*y - 94. Let u be z(-9). Let l = -1 - u. Calculate the greatest common factor of l and c.
6
Let h be (6 + -9)*(-77)/3. Calculate the greatest common divisor of h and 33.
11
Suppose -93 + 11 = -3*n + u, 32 = n - 5*u. Suppose -12*r = -3*r - 738. Let z = r + -79. What is the greatest common divisor of n and z?
3
Suppose 5*z - 106 = u + 429, 3*u + 439 = 4*z. What is the greatest common factor of 106 and z?
106
Let r be ((-3)/2)/(21/56). Let v = 26 + r. What is the highest common factor of v and 2?
2
Let n = -33 + 121. Calculate the greatest common divisor of n and 11.
11
Suppose -12 = -6*r + 2*r. Suppose -5*p + 25 = 2*n, -23 = -9*p + 8*p - 4*n. What is the greatest common factor of r and p?
3
Let o(b) = 9*b**3 - 11*b**2 - 16*b + 15. Let d be o(6). Calculate the highest common factor of 9 and d.
9
Let i(r) = -3*r**2 + 4*r - 4. Let z be i(2). Let d be (-78)/z + (-12)/16. What is the highest common factor of 6 and d?
3
Let v = 225 - 145. What is the highest common divisor of v and 5?
5
Let y(q) = 437*q**2 + 3*q. Let x be y(-1). What is the greatest common divisor of 372 and x?
62
Let f(p) = 6*p - 10. Let x be f(10). Let i = 160 - x. What is the highest common factor of 10 and i?
10
Let g(k) = -5 - 2 - 444*k + 464*k. Let q be g(13). Calculate the highest common divisor of q and 23.
23
Let v be (5 + -9 - 1/1)*1. Suppose -11 = 2*t - 5*i, 0*t = 2*t - i - 9. Let b = t - v. Calculate the highest common divisor of 30 and b.
6
Let w be 8/4 + 4 + -1. Let z(n) = n**3 - 2*n**2 - 4*n - 13. Let v be z(w). Suppose 0 = -h - 4*h, 210 = 2*m + 3*h. What is the highest common divisor of v and m?
21
Suppose 4*s - 5*a + 3*a = 30, -